a factor of 1534880?
True
Is 581293 a multiple of 705?
False
Does 53 divide 28567?
True
Is 63 a factor of 2707110?
True
Does 1508 divide 15577640?
True
Is 64 a factor of 1109332?
False
Does 288 divide 664416?
True
Is 329406 a multiple of 138?
True
Is 12296 a multiple of 3?
False
Does 18 divide 29983?
False
Is 1607 a factor of 5798056?
True
Is 32672 a multiple of 12?
False
Is 48719 a multiple of 4?
False
Is 795018 a multiple of 322?
True
Does 3 divide 10695?
True
Is 143 a factor of 3255538?
True
Does 25 divide 499100?
True
Is 28 a factor of 2991?
False
Does 192 divide 1311168?
True
Is 7622987 a multiple of 61?
True
Does 44 divide 1472963?
False
Is 879 a factor of 18186831?
False
Is 3949800 a multiple of 174?
True
Is 51 a factor of 3978302?
False
Is 79064 a multiple of 5?
False
Does 183 divide 2950066?
False
Does 475 divide 912827?
False
Is 85608 a multiple of 24?
True
Is 181 a factor of 12293882?
True
Does 25 divide 716203?
False
Does 11 divide 1322497?
True
Does 33 divide 759?
True
Is 8 a factor of 610102?
False
Is 20 a factor of 1237781?
False
Does 15 divide 14901?
False
Is 21 a factor of 394653?
True
Is 110 a factor of 5127191?
False
Is 44 a factor of 298979?
False
Does 318 divide 24322779?
False
Is 17 a factor of 18736?
False
Does 225 divide 7539326?
False
Is 109 a factor of 2484655?
True
Is 5920629 a multiple of 1221?
True
Is 282893 a multiple of 451?
False
Does 10 divide 33890?
True
Does 3 divide 14856?
True
Is 27190 a multiple of 4?
False
Is 285 a factor of 1122853?
False
Is 3 a factor of 56962?
False
Is 515 a factor of 745662?
False
Does 228 divide 35378?
False
Is 7 a factor of 423864?
True
Does 265 divide 11127085?
True
Is 7 a factor of 9435265?
True
Is 40 a factor of 45520?
True
Is 6852224 a multiple of 1072?
True
Is 216945 a multiple of 15?
True
Is 3172 a multiple of 8?
False
Is 68175 a multiple of 303?
True
Is 1113255 a multiple of 143?
True
Does 26 divide 126568?
True
Does 59 divide 358779?
True
Does 260 divide 741749?
False
Does 300 divide 279354?
False
Is 35409 a multiple of 29?
True
Is 2915640 a multiple of 180?
True
Is 4672404 a multiple of 46?
True
Does 105 divide 619815?
True
Is 556 a factor of 1907700?
False
Does 782 divide 7094506?
False
Does 11 divide 64882?
False
Is 5193582 a multiple of 1022?
False
Is 111 a factor of 4065397?
False
Is 12280365 a multiple of 795?
True
Does 4 divide 36395?
False
Is 152496 a multiple of 12?
True
Does 416 divide 714688?
True
Is 4152750 a multiple of 294?
True
Is 6778278 a multiple of 249?
True
Is 4 a factor of 3196?
True
Does 68 divide 2118854?
False
Is 340563 a multiple of 102?
False
Is 3254894 a multiple of 17?
False
Does 22 divide 1109504?
True
Is 40 a factor of 19396685?
False
Is 11 a factor of 163460?
True
Does 6 divide 833544?
True
Is 21042 a multiple of 167?
True
Is 53 a factor of 715008?
False
Does 16 divide 1106896?
True
Is 136 a factor of 496128?
True
Does 132 divide 160817?
False
Does 37 divide 2366510?
False
Is 19 a factor of 81085?
False
Does 2 divide 43071?
False
Is 272 a factor of 5867040?
True
Does 928 divide 16268768?
True
Is 2559278 a multiple of 268?
False
Is 5 a factor of 476?
False
Does 795 divide 1982730?
True
Does 9 divide 220893?
False
Is 23 a factor of 2610776?
True
Does 45 divide 1174464?
False
Is 14987475 a multiple of 59?
True
Is 45 a factor of 307868?
False
Is 49 a factor of 888468?
True
Does 184 divide 23067712?
True
Is 634040 a multiple of 11?
True
Is 3881440 a multiple of 10?
True
Is 415292 a multiple of 32?
False
Is 6 a factor of 158407?
False
Is 1461856 a multiple of 3?
False
Does 102 divide 1223694?
True
Is 4998314 a multiple of 563?
True
Does 4 divide 3264529?
False
Does 18 divide 53833?
False
Does 482 divide 1065253?
False
Is 12 a factor of 156372?
True
Is 420410 a multiple of 80?
False
Is 692663 a multiple of 20?
False
Is 580476 a multiple of 26?
True
Does 71 divide 853065?
True
Is 4448573 a multiple of 3?
False
Is 11 a factor of 729984?
False
Does 16 divide 233312?
True
Is 2186 a multiple of 24?
False
Is 963720 a multiple of 36?
True
Is 137906 a multiple of 52?
False
Does 102 divide 19307988?
True
Does 3 divide 30371?
False
Is 38 a factor of 1755397?
False
Is 32 a factor of 118176?
True
Does 172 divide 2258278?
False
Does 9 divide 1775124?
True
Is 6094644 a multiple of 35?
False
Is 14764638 a multiple of 105?
False
Does 137 divide 3972726?
True
Is 4 a factor of 533900?
True
Is 1294224 a multiple of 1136?
False
Does 13 divide 2696545?
False
Does 313 divide 14076862?
True
Is 47 a factor of 733294?
True
Is 180 a factor of 90900?
True
Is 2021184 a multiple of 22?
True
Is 130977 a multiple of 7?
True
Is 732420 a multiple of 156?
True
Is 1422345 a multiple of 349?
False
Is 168 a factor of 981456?
True
Does 57 divide 624824?
False
Does 210 divide 160020?
True
Is 15 a factor of 233035?
False
Does 10 divide 32450?
True
Is 460 a factor of 144900?
True
Does 397 divide 3485522?
False
Does 10 divide 303562?
False
Is 151578 a multiple of 8?
False
Is 268834 a multiple of 250?
False
Does 60 divide 2100648?
False
Does 302 divide 843184?
True
Is 12 a factor of 17517818?
False
Does 73 divide 137094?
True
Is 751899 a multiple of 38?
False
Is 1618805 a multiple of 24?
False
Does 81 divide 1355564?
False
Is 21 a factor of 1952559?
True
Is 1053167 a multiple of 25?
False
Does 207 divide 94392?
True
Is 3612430 a multiple of 43?
True
Does 475 divide 345800?
True
Does 2 divide 81184?
True
Does 6 divide 1809528?
True
Is 364619 a multiple of 14?
False
Is 8 a factor of 258432?
True
Does 223 divide 30377?
False
Is 1676354 a multiple of 49?
False
Is 286 a factor of 82368?
True
Does 833 divide 8720677?
True
Is 1704975 a multiple of 225?
False
Is 130 a factor of 867792?
False
Is 147030 a multiple of 507?
True
Is 9 a factor of 512372?
False
Is 44 a factor of 476112?
False
Does 815 divide 5035070?
True
Is 503 a factor of 3372615?
True
Is 38751708 a multiple of 35?
False
Is 7 a factor of 66094?
True
Does 46 divide 16330?
True
Is 25695 a multiple of 3?
True
Does 110 divide 35090?
True
Is 11 a factor of 10219?
True
Does 182 divide 406042?
True
Is 78849 a multiple of 116?
False
Is 504 a factor of 204157?
False
Is 339503 a multiple of 25?
False
Is 54530 a multiple of 14?
True
Does 28 divide 125860?
True
Does 24 divide 414552?
True
Does 93 divide 893456?
False
Is 12 a factor of 2396052?
True
Does 17 divide 30800594?
False
Does 3 divide 334020?
True
Does 114 divide 189126?
True
Is 3315 a multiple of 27?
False
Does 581 divide 1164600?
False
Is 4410459 a multiple of 791?
False
Does 29 divide 13195?
True
Is 7838152 a multiple of 14?
True
Is 437349 a multiple of 457?
True
Does 69 divide 5646546?
True
Does 28 divide 81256?
True
Does 6 divide 987543?
False
Is 220375 a multiple of 168?
False
Does 15 divide 324779?
False
Is 691200 a multiple of 17?
False
Is 38 a factor of 726669?
False
Does 92 divide 9681436?
True
Is 411287 a multiple of 137?
False
Is 892024 a multiple of 56?
True
Is 104 a factor of 138648?
False
Is 1412880 a multiple of 13?
False
Is 4697657 a multiple of 158?
False
Does 3 divide 38390?
False
Is 135 a factor of 24300?
True
Is 1934 a factor of 6502708?
False
Is 36 a factor of 2204712?
True
Is 104370 a multiple of 245?
True
Is 30682 a multiple of 11?
False
Is 937670 a multiple of 41?
True
Does 356 divide 14131776?
True
Does 7 divide 24486?
True
Is 70295 a multiple of 49?
False
Is 132 a factor of 439731?
False
Does 10 divide 49084?
False
Is 72 a factor of 191400?
False
Is 298 a factor of 576034?
True
Does 236 divide 99120?
True
Is 1882540 a multiple of 5?
True
Is 7 a factor of 46108?
False
Does 15 divide 220559?
False
Is 259 a factor of 357549?
False
Is 120179 a multiple of 24?
False
Is 354 a factor of 931728?
True
Does 47 divide 736349?
True
Is 758199 a multiple of 43?
False
Is 8 a factor of 2231376?
True
Is 16 a factor of 39040?
True
Is 3 a factor of 2735108?
False
Is 23036 a multiple of 26?
True
Does 232 divide 822737?
False
Is 21 a factor of 616388?
False
Is 24 a factor of 687992?
False
Is 1723797 a multiple of 14?
False
Is 231403 a multiple of 23?
True
Is 2984316 a multiple of 300?
False
Is 47763 a multiple of 58?
False
Does 25 divide 49475?
True
Does 1075 divide 19332605?
False
Is 5550903 a multiple of 9?
True
Is 145645 a multiple of 222?
False
Is 1038886 a multiple of 37?
True